 are the prime factors of 2797529486?
2, 17, 19, 29, 59, 2531
What are the prime factors of 19771148?
2, 617, 8011
What are the prime factors of 410285748?
2, 3, 37, 47, 19661
What are the prime factors of 8452675919?
8452675919
List the prime factors of 758026381.
7, 108289483
List the prime factors of 1159104008.
2, 144888001
What are the prime factors of 246882782?
2, 23, 5367017
What are the prime factors of 56593363?
23, 2460581
List the prime factors of 4479382407.
3, 1459, 1023391
List the prime factors of 271350739.
11, 3019, 8171
List the prime factors of 96112845.
3, 5, 711947
List the prime factors of 142672766.
2, 263, 271241
What are the prime factors of 1388737495?
5, 277747499
What are the prime factors of 1322237?
7, 188891
List the prime factors of 7536121996.
2, 13, 144925423
List the prime factors of 32548794.
2, 3, 5424799
List the prime factors of 47313401.
19, 131, 19009
List the prime factors of 612480744.
2, 3, 859, 3301
List the prime factors of 644954774.
2, 47, 53, 129457
List the prime factors of 388815633.
3, 4800193
What are the prime factors of 9981736?
2, 599, 2083
What are the prime factors of 2316549284?
2, 7, 571, 2957
What are the prime factors of 3160475674?
2, 491, 509, 6323
List the prime factors of 43518081.
3, 14506027
List the prime factors of 208985324.
2, 37, 191, 7393
List the prime factors of 274678985.
5, 7, 401, 19571
List the prime factors of 250017830.
2, 5, 25001783
What are the prime factors of 330895692?
2, 3, 1021283
List the prime factors of 18118678.
2, 29, 37, 8443
List the prime factors of 803680560.
2, 3, 5, 1116223
List the prime factors of 149867226.
2, 3, 71, 39089
What are the prime factors of 448917173?
229, 409, 4793
What are the prime factors of 192493143?
3, 3001, 7127
List the prime factors of 346914594.
2, 3, 13, 1482541
What are the prime factors of 2245701879?
3, 277, 900803
List the prime factors of 61679136.
2, 3, 89, 7219
What are the prime factors of 4683593?
601, 7793
List the prime factors of 169555206.
2, 3, 28259201
What are the prime factors of 36898136?
2, 11, 419297
What are the prime factors of 461360332?
2, 115340083
What are the prime factors of 88224522?
2, 3, 14704087
What are the prime factors of 4446947?
29, 153343
What are the prime factors of 566634222?
2, 3, 7, 11, 227, 1801
What are the prime factors of 3588656633?
17, 43, 16987
What are the prime factors of 1190678869?
7193, 165533
List the prime factors of 66253784.
2, 1163, 7121
What are the prime factors of 125493013?
1613, 77801
What are the prime factors of 1352239195?
5, 1061, 254899
What are the prime factors of 29776307?
11, 1433, 1889
List the prime factors of 469987042.
2, 7, 33570503
List the prime factors of 27756086.
2, 13878043
List the prime factors of 53182196.
2, 103, 129083
List the prime factors of 64358568.
2, 3, 241, 3709
List the prime factors of 61772547.
3, 20590849
What are the prime factors of 71230034?
2, 17, 23, 79, 1153
List the prime factors of 4412231576.
2, 551528947
What are the prime factors of 135486664?
2, 3373, 5021
List the prime factors of 54662832.
2, 3, 7, 61, 127
List the prime factors of 22690356.
2, 3, 13, 145451
List the prime factors of 785809570.
2, 5, 7, 13, 17623
What are the prime factors of 2896153714?
2, 1448076857
What are the prime factors of 484102251?
3, 17, 351563
What are the prime factors of 59497604?
2, 2281, 6521
What are the prime factors of 1605471275?
5, 149, 430999
List the prime factors of 4213746155.
5, 1493, 564467
What are the prime factors of 997979441?
17, 58704673
List the prime factors of 7503356.
2, 7, 173, 1549
List the prime factors of 993374277.
3, 7, 17, 71, 39191
List the prime factors of 20773439.
17, 23, 53129
List the prime factors of 961463390.
2, 5, 17, 29, 195023
List the prime factors of 85316921.
113, 857, 881
What are the prime factors of 1065998173?
19, 56105167
List the prime factors of 1400707077.
3, 7, 11, 6063667
What are the prime factors of 56775788?
2, 14193947
List the prime factors of 24935927.
733, 34019
What are the prime factors of 137801745?
3, 5, 17, 61, 2953
What are the prime factors of 338181946?
2, 71, 1013, 2351
What are the prime factors of 191271280?
2, 5, 1399, 1709
What are the prime factors of 248058044?
2, 13, 4770347
List the prime factors of 121599294.
2, 3, 107, 189407
List the prime factors of 349634266.
2, 29, 6028177
List the prime factors of 977234815.
5, 195446963
What are the prime factors of 624065461?
17, 36709733
What are the prime factors of 47811975?
3, 5, 163, 3911
What are the prime factors of 79724886?
2, 3, 29, 458189
List the prime factors of 29449083.
3, 17, 59, 9787
List the prime factors of 29217766.
2, 3203, 4561
List the prime factors of 7362134.
2, 13, 283159
List the prime factors of 193079372.
2, 389, 124087
What are the prime factors of 21109496?
2, 2638687
List the prime factors of 4674606355.
5, 934921271
List the prime factors of 2493696989.
7, 356242427
What are the prime factors of 26039066?
2, 197, 66089
List the prime factors of 2794155967.
2794155967
What are the prime factors of 2107211241?
3, 107, 6564521
What are the prime factors of 60853987?
43, 269, 5261
What are the prime factors of 667848402?
2, 3, 13, 337, 941
What are the prime factors of 66511337?
31, 197, 10891
What are the prime factors of 333100431?
3, 17, 241903
What are the prime factors of 273384532?
2, 23, 389, 7639
List the prime factors of 4085766621.
3, 17, 23, 1161059
What are the prime factors of 23883948?
2, 3, 11, 5483
List the prime factors of 166462143.
3, 55487381
List the prime factors of 37860708.
2, 3, 887, 3557
What are the prime factors of 2498597453?
11, 131, 151, 11483
List the prime factors of 33450567.
3, 193, 57773
List the prime factors of 1357349090.
2, 5, 1013, 133993
What are the prime factors of 4586144239?
47, 97577537
List the prime factors of 202427045.
5, 19, 41, 51971
List the prime factors of 77771924.
2, 23, 845347
List the prime factors of 20282515.
5, 11, 368773
What are the prime factors of 576294476?
2, 103, 1398773
What are the prime factors of 9846720?
2, 3, 5, 13, 263
What are the prime factors of 1111996740?
2, 3, 5, 18533279
List the prime factors of 16541166.
2, 3, 31, 113, 787
What are the prime factors of 643058752?
2, 7, 53, 73
List the prime factors of 1079109118.
2, 151, 3573209
What are the prime factors of 42067761?
3, 2969, 4723
List the prime factors of 3095359045.
5, 131, 4725739
List the prime factors of 4489002388.
2, 13, 17, 5078057
List the prime factors of 5863942.
2, 7, 23, 18211
List the prime factors of 287998971.
3, 13, 29, 149, 1709
List the prime factors of 23894886.
2, 3, 3982481
What are the prime factors of 98132664?
2, 3, 7, 263, 2221
List the prime factors of 22596651.
3, 7, 11, 3623
List the prime factors of 16729853.
7, 17, 140587
List the prime factors of 25261443.
3, 53, 127, 139
What are the prime factors of 1426333160?
2, 5, 7, 263, 2767
List the prime factors of 728454756.
2, 3, 19, 137, 23321
List the prime factors of 876698835.
3, 5, 43, 1359223
List the prime factors of 5257160925.
3, 5, 70095479
What are the prime factors of 13022484?
2, 3, 883, 1229
List the prime factors of 195568141.
29, 6743729
List the prime factors of 782714177.
7, 19, 1193, 4933
What are the prime factors of 47690028?
2, 3, 31, 151, 283
What are the prime factors of 568838294?
2, 53, 5366399
List the prime factors of 152038535.
5, 11, 61, 45317
What are the prime factors of 3017717?
3017717
What are the prime factors of 801684792?
2, 3, 887, 12553
List the prime factors of 16924583.
13, 499, 2609
What are the prime factors of 74801688?
2, 3, 13, 197, 1217
List the prime factors of 4166503499.
1061, 3926959
What are the prime factors of 299561691?
3, 11, 13, 47, 83, 179
What are the prime factors of 327508886?
2, 163754443
What are the prime factors of 142715176?
2, 479, 37243
What are the prime factors of 316796654?
2, 158398327
List the prime factors of 138614564.
2, 11, 3150331
List the prime factors of 9465979.
9465979
What are the prime factors of 30016437?
3, 11, 227, 4007
List the prime factors of 2080175749.
2531, 821879
What are the prime factors of 1592950865?
5, 11, 79, 197, 1861
List the prime factors of 317962687.
7, 2